
Suppose 6*i - 1916 = 2254. Suppose -3*y + 2*w + i = -3*w, -3*y - 2*w = -730. What is the units digit of y?
0
Let s = 31 + -31. Suppose s*w - w - z = -45, -3*w + 5*z + 143 = 0. What is the units digit of w?
6
Let k be 3 - -1 - 110/(-2). Let c = k - 15. Let i = c + 7. What is the tens digit of i?
5
Let a = 77 - -4. Suppose 0 = 3*f - 4*f + a. What is the tens digit of f?
8
Suppose 3*d = 4*i - 15117, 3*d + 12602 = 6*i - 10069. What is the thousands digit of i?
3
Let a = 0 - -3. Suppose a*d + 2 = 4*d. Suppose -3*b = d*b - x - 150, x - 160 = -5*b. What is the tens digit of b?
3
Let w be 0*(-4 - (-5 + 2)). Let h(r) = -3*r**2 + 12 - 2 + 2*r**2 + 12 - r. What is the tens digit of h(w)?
2
Let a = 178 - 38. What is the hundreds digit of a?
1
Let h = -1 + 4. What is the units digit of (3 - 93)*h/(-6)?
5
Let m = -342 + 905. What is the units digit of m?
3
Let g(z) = 2*z**2 + 15*z + 33. Let r be g(-13). Let o = r - 105. What is the units digit of o?
1
Suppose 3844 = 17*z + 495. What is the units digit of z?
7
Let q(t) = 691*t - 68. What is the units digit of q(2)?
4
Let m be (0 - 0/(-4))/1. Suppose -5*q = 3*r + 35, m = -r - 3*r + 4*q - 4. Let v = r + 23. What is the units digit of v?
8
Let b = -240 + 715. What is the hundreds digit of b?
4
Suppose 0 = -2*h + 15*h - 39. Let p(b) be the first derivative of b**4/4 - b**3/3 + b**2/2 + 7*b - 1. What is the units digit of p(h)?
8
Let v = 23 + -49. Let j be (-1 + -1)/(4/v). Suppose 2*x - j - 25 = 0. What is the units digit of x?
9
Let j be 6*(-6)/(-36) + (0 - -1). Let u = 177 - j. What is the units digit of u?
5
What is the units digit of (8/14)/((-50)/(-10675))?
2
Suppose -5*u + 3*a = -1816, 8 = 2*a + 2. What is the tens digit of u?
6
Let z be 6 - -1 - (-10 - -7). What is the units digit of (2/4)/(z/700)?
5
Suppose -r + 3 = -2*n - 2, r - 4*n = 5. Suppose -4*p + 26 = 2*z + z, -r*p = -10. What is the tens digit of (-6)/(-2)*z + -4?
1
What is the hundreds digit of (202/(-10))/(2/(-50))?
5
Let z(c) = 104*c**3 - 2*c**2 + 6*c - 12. What is the tens digit of z(3)?
9
Suppose -4*t - 83 = -2*y + 271, -4*y + 4*t = -692. What is the units digit of y?
9
Let l(s) = s**2 - 9*s - 13. Let d be l(11). Let h be (-6)/27 - (-1010)/d. Suppose 0*f - 3*f - 5*y = -h, -3*f - y = -104. What is the units digit of f?
4
Let y(u) = 6*u + 18*u - 30*u - 1 + 13*u. Let k be (-38)/(-10) + 1/5. What is the units digit of y(k)?
7
What is the units digit of (-30324)/(-1 + -6) - 5?
7
Let w(b) = b**3 + 8*b**2 + 5*b. Suppose r = -3 + 6. Suppose -r*i + 8*i = -20. What is the units digit of w(i)?
4
Suppose 51*r - 1188 = 49*r. Suppose 6*t = -3*t + r. What is the units digit of t?
6
Let x(v) = 65*v - 120. What is the tens digit of x(9)?
6
What is the tens digit of 988/8*-3*(-4)/6?
4
Let z = -1031 - -1457. What is the units digit of z?
6
Let w = 11 + -11. Suppose w = 8*l + 3*l - 1375. What is the units digit of l?
5
What is the units digit of ((-15)/2)/((-9)/(-594)*-1)?
5
Let q(t) = 49*t**2 - 54*t + 23. What is the thousands digit of q(-7)?
2
Let u be 738*((-20)/6 - -4). Suppose a - 5*a = -u. Suppose -a - 69 = -4*v. What is the tens digit of v?
4
Let u(f) = -14*f + 462. What is the units digit of u(0)?
2
Let h(s) = 15*s**3 - 4*s**2 + 7*s - 1. What is the hundreds digit of h(4)?
9
Let q be (4/(1/(-1)))/(-2). Suppose -2 = -3*t + q*t. What is the tens digit of (t/(-5))/((-3)/90)?
1
Let i(k) = k + k + 0 + 7 - 3. Let r be i(-10). What is the tens digit of (-486)/(-14) - r/56?
3
Let r = -3 - -5. What is the tens digit of 1/(-4)*r*-34?
1
What is the hundreds digit of 8/6*(360 - -6)?
4
Suppose 28*j - 36*j = -4872. What is the tens digit of j?
0
Let p(o) = -2*o - 9. Let u(h) = h + 4. Let x(f) = -3*p(f) - 7*u(f). Let w be x(0). What is the units digit of 2/w + 3 + 32?
3
Let u = 45 + -40. Suppose -5*r = n - 5 + 1, 3*r = -u*n + 108. What is the tens digit of n?
2
Let j(g) = -g + 4. Let a be j(10). What is the tens digit of (a/(-10))/(((-2)/(-2))/125)?
7
Let t = 695 - 399. What is the units digit of t?
6
Suppose -45*r = -43*r + 162. Let d = -56 - r. What is the units digit of d?
5
Suppose -6*f + 29 = -43. What is the tens digit of 380/6 + f/18?
6
Suppose -41 + 3 = -n. Suppose h = 0, -n = -2*c - h - 0*h. What is the tens digit of c?
1
Let s be (3/(-9) + 1)*6. Suppose 0 = c - 8 - s. What is the units digit of (c/4)/(1 + 0)?
3
Suppose 3*o = -4*v + 2, 5*v + 6*o = o. Let m(p) = -p + 29 + v*p + 37. What is the tens digit of m(0)?
6
Let b(p) be the third derivative of -p**4/6 + 2*p**3/3 - 10*p**2 + 3. Suppose -2*q = -0*q + 6. What is the units digit of b(q)?
6
Suppose -d - 30 + 18 = 0. What is the units digit of 64/d*(-342)/12?
2
Let l(w) = -w**3 - 8*w**2 - 5*w - 10. Let y be l(-8). Let m = y + -26. Let z = m + 28. What is the tens digit of z?
3
Suppose 0 = 7*n + 24 - 3. Let u = 100 + n. What is the tens digit of u?
9
Let k(u) = -u - 1. Let c be k(2). Let j be (c/2)/((-18)/24). Suppose 0 = -0*q - j*q + 82. What is the tens digit of q?
4
Suppose 2*j - 9 = -y, j = 2*y + 2*y. Suppose j*u - 22 = 2*u - 4*o, 3*o = u + 9. Suppose -3*m = 5*a - 69, u*m = -3*a + 86 - 23. What is the units digit of m?
8
Let b(t) = t**2 + 9. Let m be b(7). Let v be 5/2*(-56)/(-4). Suppose -v = -3*k + m. What is the tens digit of k?
3
Let p = -13 - -17. Suppose 2*d = 3*d + 5*a - 37, 0 = -p*d + 2*a + 82. Let n = 49 - d. What is the tens digit of n?
2
Suppose 0 = 3*g + 4*a - 832, 3*g - 5*g + 552 = 4*a. What is the units digit of -7*(-24)/g + (-24)/(-10)?
3
Let q(d) = -d**3 + 8*d**2 - 10*d - 7. Let j be q(8). Let a = -57 - j. What is the units digit of (-6 + 3)/(-1) + a?
3
Let f = 3243 - 1982. What is the hundreds digit of f?
2
Suppose 4*t = -3*x + 1117, -2*t - 1448 = -4*x + 3*t. What is the units digit of x?
7
Let y be (-7)/(-1) + -4 + 1. Suppose -2 = -2*z - y. Let g(q) = -33*q - 1. What is the units digit of g(z)?
2
Suppose -2*f + 7*f = 10. Suppose -4 + 10 = f*w. Suppose -w*b + 2*p = -131, 190 = 4*b - 2*p + 18. What is the units digit of b?
1
Let z(o) = -34*o + 16. What is the tens digit of z(-7)?
5
Suppose -2*f + 3*f = 35. Suppose -5*u + 30 + f = 0. Let m = 16 + u. What is the tens digit of m?
2
Suppose -3*l + 15 = -8*l. What is the tens digit of (32*-1 - (2 + l))/(-1)?
3
Suppose 88*i - 111*i + 20907 = 0. What is the hundreds digit of i?
9
Let g = 2 - 24. Let j = 11 - 16. Let i = j - g. What is the units digit of i?
7
Suppose 67*d = 8597 + 80379. What is the hundreds digit of d?
3
Suppose -4*a = -c + 21, -a - 7 - 28 = -2*c. Suppose g = -5*v + c, -v + 4 = -0*v. What is the units digit of g/12 - (-132)/16?
8
Let j(m) = m**3 + 11*m**2 - 2*m + 39. What is the hundreds digit of j(-9)?
2
Let b(y) = 3*y - 2. Let s be b(2). Suppose 5*v = -2*t - 3 + 42, 0 = -2*v + s*t + 6. Suppose 371 = v*d - 70. What is the units digit of d?
3
Let w be (-92)/3*(-19 + 13). Let k = -37 + w. What is the tens digit of k?
4
What is the units digit of 22/18 + 8/(-36) + 306?
7
Let n(l) = 13*l**2 - 5*l + 14 - 498*l**3 - 2*l + 497*l**3. What is the tens digit of n(12)?
7
Let y(a) be the second derivative of -13*a**3/6 - 11*a**2/2 + 178*a. Suppose 4*b + 42 = -3*n - 2*n, -18 = n + 4*b. What is the units digit of y(n)?
7
Suppose 2*m - 11 - 15 = 0. Suppose -m = -3*r + 14. What is the units digit of r?
9
Let k be (-1)/((-4)/(-12)*-1). Suppose 2*g - 6 = 4*t, -4*g - t - k*t - 24 = 0. What is the tens digit of 0 - (g + 3 + -44)?
4
Let x(b) = b**3 + 20*b**2 + 9. What is the hundreds digit of x(-8)?
7
Let h(d) = -d**3 + 3*d + 3. Let u be h(-4). Suppose 2*a + u = -23. What is the units digit of (-304)/(-52) - 6/a?
6
Let f(s) = -12*s + 9. Let m be f(-3). What is the units digit of 1274/18 - (-10)/m?
1
Suppose -4*i - 68 = -5*b - 478, -3*b = 2*i + 268. Let u = 158 + b. What is the tens digit of u?
7
Let h(r) = -9*r**3 - r. Let w be h(-1). What is the tens digit of 10/25 + 696/w?
7
Suppose -21*v = -17*v - 12436. What is the hundreds digit of v?
1
Suppose -2*d = k - 94, -2*d = -5*k - 138 + 548. Suppose 0*z = 4*z - k. Let m = z + 9. What is the units digit of m?
0
Suppose -4*o = 5*t + 67 + 833, 0 = t + o + 181. Let m = t + 274. Suppose 4*a = -26 + m. What is the units digit of a?
8
Let p = 12 + 58. Let n = p + -36. What is the tens digit of n?
3
Let f(s) be the second derivative of -s**4/12 + 7*s**3/6 + s**2/2 + 5*s. Let d = -2 - -9. What is the units 